Suppose 0 = -5*q + 431 + 5589. List the prime factors of q.
2, 7, 43
Let z(w) be the third derivative of -23*w**4/24 - 21*w**3/2 - 26*w**2. What are the prime factors of z(-9)?
2, 3
Let c = -514 - -870. List the prime factors of c.
2, 89
Suppose -3*y = 2*k + 296, -2*k - 4*y - y - 304 = 0. Let i = -21 - k. What are the prime factors of i?
11
Let a(n) = 2 - 2*n - 2 + 2 + 10*n**2 - 6. What are the prime factors of a(-2)?
2, 5
Let s be (4/6)/((-12)/18). Let o be s - (-2 - 1) - 2. Suppose o = -8*y + 3*y + 40. What are the prime factors of y?
2
Let q(n) = -n**3 - 4*n**2 + 2*n - 2. Suppose l = 1 + 24. Let k = 20 - l. What are the prime factors of q(k)?
13
Suppose -o = -4*q - 72, -o - 48 - 42 = 5*q. Let d = 68 + q. Let k = -29 + d. What are the prime factors of k?
3, 7
Let t = 40 - 33. Suppose -4*g + t*g = 150. List the prime factors of g.
2, 5
Let j(f) = 12*f + 3. Let m be j(2). Let v = m + -24. List the prime factors of v.
3
Let g(q) = 2*q - 18. Let s be g(0). Let n be (-5)/20 - s/8. Suppose 4*u - 16 = -3*p, 2*p - u + n = 31. List the prime factors of p.
2, 3
Let y(t) = 101*t**2 - 15*t + 53. What are the prime factors of y(6)?
59, 61
Suppose 4*b + 2*f - 774 = 0, -28*b + 23*b + 969 = 2*f. List the prime factors of b.
3, 5, 13
Suppose 4*m + 1 - 23 = 2*s, 0 = s + 3. Let g(k) = 3*k**2 + 2*k + 5. Let p(t) = t**2 - 1. Let j(w) = g(w) - 2*p(w). List the prime factors of j(m).
31
Let p = -2876 + 4398. List the prime factors of p.
2, 761
Let k(d) = d**2 + 6*d - 21. Let v(y) = -y + 17. Let f be v(9). List the prime factors of k(f).
7, 13
Let f(j) = -4*j + 5. Let d(i) = -i. Let b(k) = -3*d(k) + f(k). Let m(n) = 3*n - 11. Let h(w) = -7*b(w) - 3*m(w). What are the prime factors of h(-7)?
2, 3
Suppose 0 = -22*y + 16*y + 438. List the prime factors of y.
73
Let v(d) = d**2 - d + 2*d + d**3 - 5*d**2 - 3 - 2*d. Let u be (-4)/8*20/(-2). What are the prime factors of v(u)?
17
Let d(s) = -13*s + 51. Let b(m) = 3*m - 13. Let v(g) = 9*b(g) + 2*d(g). Let n be v(8). What are the prime factors of (-2)/(-7) + (-159)/n?
23
Suppose 0 = -5*z + s + 9617, -5*s + 3836 = 3*z - 1923. List the prime factors of z.
3, 641
Suppose 5*l - 4*l + 4*x = -2, -4*l + 6 = 2*x. Suppose -l*a + 3*c = -167, a - 5*a + 3*c = -349. List the prime factors of a.
7, 13
Let l(k) = k**2 - 7*k - 13. Let m be l(9). Suppose 65 = 4*i + m*h, 0*i + 106 = 5*i - 2*h. What are the prime factors of i?
2, 5
Suppose -441 = -y - 2*o, -5*o + 2*o + 441 = y. What are the prime factors of y?
3, 7
Let c = -8 - -11. Suppose -c*z - 4*j + 108 = z, -4*j = -z + 42. Let a = 42 - z. List the prime factors of a.
2, 3
Suppose -25*s = -30*s + 275. Let j = s - 23. List the prime factors of j.
2
Let u = -11 + 11. Let l be u - ((-8)/4 - -2). Suppose -4*p + 28 = -l*p. List the prime factors of p.
7
Let a = 487 + -471. What are the prime factors of a?
2
Let u(m) = 4*m**2 - 5*m**2 + 10*m - 2*m - m + 11. Let i be u(9). What are the prime factors of 0 + 23 - (5 + i)?
5
Let p = -208 - -76. Let g = p + 22. Let d = -70 - g. List the prime factors of d.
2, 5
Suppose 0 = 2*k + 4*d - 1848, 4*k + 2*d = 5*d + 3740. List the prime factors of k.
2, 233
Suppose 3*r - 2805 = -2*r + 4*p, 5*r = -4*p + 2805. List the prime factors of r.
3, 11, 17
Let l = 460 - 353. List the prime factors of l.
107
Let q(l) = 2*l**2 + 50*l - 100. Let v be q(2). Let t = -11 + 15. Let k = t + v. List the prime factors of k.
2, 3
Suppose 9 = -d - 8. Let c = d + 45. List the prime factors of c.
2, 7
Let o(x) be the second derivative of x**4/6 + 3*x**2/2 + 13*x. List the prime factors of o(6).
3, 5
Let r = 4353 + -2332. What are the prime factors of r?
43, 47
Let n(m) = m**2 + 8*m + 10. Let y be n(-6). Let g = -3 - y. What are the prime factors of ((13 + g)*-1)/(-1)?
2, 3
Let u be (1 - 3) + 6 + -35. Let q = -107 + 163. Let t = q + u. List the prime factors of t.
5
Suppose 5*s = 176 + 94. List the prime factors of s - (-4 + ((-30)/(-2))/3).
53
Suppose -2*u + 6 = -10. Suppose -u*o + 780 = -3*o + 2*d, -o = 2*d - 164. List the prime factors of o.
2, 7, 11
Let d(i) = 3*i**2 - 7*i - 3. Let n be d(4). Let y(v) = 11 + 4*v - 37*v + v**2 + n*v. What are the prime factors of y(16)?
11
Suppose k + 4 = 5*k. What are the prime factors of 187 - ((5 - k) + -6)?
3, 7
Let f = 134 + -13. Let c = 9 + f. What are the prime factors of c?
2, 5, 13
Let p(b) = 2*b**2 - 99*b - 210. What are the prime factors of p(75)?
3, 5, 241
Let h(c) = 44*c**2 - 82*c - 410. What are the prime factors of h(-5)?
2, 5, 11
Let n be (-15)/20 - (-1123)/4. Let a = n - 139. Suppose 76 = 4*f + 2*g, -5*f = g - a + 46. What are the prime factors of f?
19
Let v be (-55)/(-3) - (-20)/30. Suppose 134 - v = 5*c. Suppose -3 = -y + c. List the prime factors of y.
2, 13
Suppose 5*z - 5*k = -1390, 3*z - k - 57 + 895 = 0. Let w = -106 - z. List the prime factors of w.
2, 3, 29
Let t = 3054 - 1696. What are the prime factors of t?
2, 7, 97
Let k(h) = -148*h - 221. List the prime factors of k(-14).
3, 617
Let l(w) = w**3 - 7*w**2 - 6*w - 11. Let g be l(8). Suppose 0 = 3*f - g - 4. What are the prime factors of 4/2 + 18/f?
2
Let a be (64/40)/((-4)/(-10)). Suppose -79 = -2*q + 3*t, 0*t = 4*t + a. List the prime factors of q.
2, 19
Let x(g) = 2*g**2 + 3*g - 29. Let u be x(4). List the prime factors of (-4)/(-12) + 3100/u + 2.
11, 19
Suppose 3*i - 181 = 8. Suppose 3*u = -4*u + i. What are the prime factors of 4*(3 - u/(-4))?
3, 7
Suppose 23 = -z - 5*y, 17 = -5*y + 2. List the prime factors of (-2562)/(-24) + 6/z.
2, 53
Let t = 18 - 8. List the prime factors of 2930/14 - t/35.
11, 19
Let j be (-1 + 1)*(-13)/26. Suppose 2*n + 3*n - 240 = j. Suppose d + n = 3*d. List the prime factors of d.
2, 3
Let w(q) = 1589*q**3 + q**2 - 6*q + 6. List the prime factors of w(1).
2, 3, 5, 53
Suppose l + l = 4. Suppose -5*p + 20 = 3*a, p - 6 + l = 4*a. Suppose -20 = -4*m - 2*w - 0*w, a = -2*m + 5*w - 14. What are the prime factors of m?
3
Suppose 0*s - 260 = -5*s. Suppose s = 2*n - 344. What are the prime factors of n?
2, 3, 11
Let i(r) = r**3 + 8*r**2 + 5*r + 4. Suppose -3*m = -5 + 20. Let x be i(m). Suppose 0*h - 2*h = -x. List the prime factors of h.
3
Let m = -147 + 222. Let j = m + -59. What are the prime factors of j?
2
Suppose 0 = -b - 0 - 0. Suppose k - 2*x - 134 = b, -2*k + 4*x = 3*x - 256. List the prime factors of k.
2, 3, 7
Let o(r) = r**2 - 6*r + 7. Suppose 0 = -5*y - 5*n - 6 + 36, y = 5*n. Let c be o(y). Suppose 3*t - 8 + c = 0. List the prime factors of t.
2
Let c = -51 + 60. Suppose 230 = -4*b + c*b. What are the prime factors of b?
2, 23
Let t = 65 - -1. Suppose z + 0*z - t = 0. List the prime factors of z.
2, 3, 11
Suppose 7 = -2*d + 5. List the prime factors of ((1 - d) + 84 + -2)*3.
2, 3, 7
Let g(v) = -14*v**3 + 2*v**2 + 24*v + 6. List the prime factors of g(-5).
2, 3, 281
Suppose 0 = -3*h + 2*h - 60. Let c = 97 + h. What are the prime factors of c?
37
Let f = 1478 + -1066. List the prime factors of f.
2, 103
What are the prime factors of -4 + (-7)/(-21) + (-1198)/(-6)?
2, 7
Let y(o) = 25*o**2 - 23*o - 60. List the prime factors of y(-5).
2, 5, 17
Let q(t) be the first derivative of -t**4/4 + 8*t**3/3 - 2*t**2 - 8*t + 5. Let j be q(7). Let z = -3 + j. List the prime factors of z.
2, 5
Let m = -218 + 220. Let f(b) = -1. Let i(j) = 14*j**2 + 2*j + 1. Let t(h) = 3*f(h) + i(h). What are the prime factors of t(m)?
2, 29
List the prime factors of 1428/(-2 - -5) - (-18)/6.
479
Let v = -417 + 774. What are the prime factors of v?
3, 7, 17
Suppose -37*i + 5306 = -23*i. List the prime factors of i.
379
Let w(q) be the third derivative of 5*q**2 - 1/2*q**3 - 1/8*q**4 + 0*q + 0. What are the prime factors of w(-4)?
3
Let q be ((-7)/(-14))/((-4)/(-1448)). Let z = 359 - q. What are the prime factors of z?
2, 89
Suppose -5*m - 2*s + 8 = 0, 3*m - 5*m + 5*s - 20 = 0. Suppose 4*r - 381 = -3*d, m = 4*r - 2*d - d - 411. List the prime factors of r.
3, 11
Let n(z) = -164*z - 210. List the prime factors of n(-12).
2, 3, 293
Suppose 4*r + 4*b - 2648 = 0, 2*r + 223 - 1537 = -4*b. What are the prime factors of r?
23, 29
Suppose -4*g - 12 = -2*d, d + 0*d + 6 = -2*g. What are the prime factors of (-4 - (1 - (d + 3))) + 114?
2, 7
Let z(j) = -5*j**3 - 20*j**2 + 3*j + 22. Let g(o) = o**3 + o**2 - o + 1. Let k(y) = -6*g(y) - z(y). List the prime factors of k(13).
2, 3,